11
Let z be 33/2*(-2)/(-3). Let p = 16 - z. Suppose 13 = p*t - 7. What is the remainder when 10 is divided by t?
2
Let r(j) = 3*j**2 - 28*j. Calculate the remainder when r(11) is divided by 12.
7
Let o(v) = 3*v - 1. What is the remainder when 25 is divided by o(5)?
11
Let b(q) = -q**3 + q**2 + 5*q + 2. Let g be (-9)/(-6)*(2 + -4). Let s be b(g). Let i = -8 + s. What is the remainder when 43 is divided by i?
13
Let c be 6/21 + 24/14. Let b = 0 + c. Suppose 2*f = 3*r + 15, -f - b*f + 33 = -r. What is the remainder when f is divided by 7?
5
Suppose 5*f - 2*f - 24 = 0. Suppose -3*u - s + 38 = 0, 0 = -2*u - 4*s - 0 + 12. What is the remainder when u is divided by f?
6
Let m = 245 + -89. Suppose 2*j - m = -2*j. Suppose j = -n + 4*n. What is the remainder when n is divided by 8?
5
Suppose -5*l - s + 144 = 0, 0 = 3*l - l - 3*s - 61. Calculate the remainder when l is divided by 16.
13
Let h = 11 + 39. Calculate the remainder when h is divided by 27.
23
Let y(u) = u**3 - 2*u**2 - u. Let c be y(-1). Let k(x) = -17*x - 1. What is the remainder when k(c) is divided by 1*-1 - 1*-18?
16
Let i = -31 - -46. Calculate the remainder when 29 is divided by i.
14
Suppose h = 1 + 2. What is the remainder when h is divided by 1?
0
Suppose -2*t + 3*t - 3 = 0. Suppose -t*p = 2*p - 105. What is the remainder when p is divided by 12?
9
Let n(c) = 4*c - 35. Calculate the remainder when 17 is divided by n(11).
8
Let v(r) = -2*r**3 - 3*r**2 - r. What is the remainder when v(-3) is divided by 8?
6
Let f(x) = -x**2 - 6*x + 8. Let z(n) = -n**2 - n. Let c be z(-1). What is the remainder when f(-6) is divided by 5 + c/2*1?
3
Suppose 4*j + 32 = 6*j. Suppose 5*s - 5*y = 50, 5*y - 1 = -j. Calculate the remainder when 13 is divided by s.
6
What is the remainder when ((-8)/(-60)*35)/(4/66) is divided by 16?
13
Let x = 6 + 4. Let v = 25 - x. Calculate the remainder when 26 is divided by v.
11
Suppose -4*t + 2*t + 4 = 0. Suppose -t*q + 0*n + n + 7 = 0, 0 = -3*q + 3*n + 15. Calculate the remainder when 3 is divided by q.
1
Suppose 0 = -2*v + 58 - 16. Let f be (-4 - (-2 + 0))/2. Calculate the remainder when v is divided by -2 + 1 - f*12.
10
Let w(c) = c**3 - 8*c**2 - 3*c + 6. Let l be w(5). Let b be 1/(-4) - l/16. Let r = 6 - b. What is the remainder when r is divided by 1?
0
Let p(o) = 23*o - 6. Calculate the remainder when 28 is divided by p(1).
11
Let a = 81 + -76. Calculate the remainder when 15 is divided by a.
0
What is the remainder when ((-2)/(-3))/(4/174) is divided by 16?
13
Let l be (12/(-18))/(4/(-246)). What is the remainder when l*2/(2 + 0) is divided by 14?
13
Let u = 47 + -92. Let w = -24 - u. Calculate the remainder when 82 is divided by w.
19
Let h(m) = m + 2. Let j be h(-4). What is the remainder when j + -1 + 4 - -72 is divided by 19?
16
Suppose 2*l - 53 - 53 = 0. Suppose 0*h = -h + 18. Calculate the remainder when l is divided by h.
17
Let o(k) = -k**3 + 4*k**2 + 4*k - 7. What is the remainder when 23 is divided by o(4)?
5
What is the remainder when 13 is divided by 1/(-3) + (-25)/(-3)?
5
Let g = 12 - -29. What is the remainder when g is divided by 21?
20
Let j = -87 - -122. Let q = -20 + j. Calculate the remainder when q is divided by 4.
3
Let g be (-3 - -6)/((-2)/6). Let c = g + 13. Suppose u - 25 = -c. Calculate the remainder when 40 is divided by u.
19
Let i(p) = -3 + 3 - p + 7. Let m be i(5). Suppose 5*t + m*c - 46 = t, 2*c = -t + 13. What is the remainder when 31 is divided by t?
9
Let q(w) = w + 7. Let h be q(-5). Let j = 13 - h. What is the remainder when 32 is divided by j?
10
Suppose -2*y - 1 = -2*x - 5, 5*x = -3*y + 14. Suppose 0 = y*p + 4*t - 25, 47 = 4*p - t - 18. Calculate the remainder when p is divided by 8.
7
Suppose 5*d + 2*i + 10 = -12, -20 = 2*d - 2*i. Let f(m) = m**3 + 6*m**2 - 7*m - 9. Calculate the remainder when f(d) is divided by 9.
6
Suppose 0*o - 2*o + 32 = 0. Suppose o = 5*d - 9. Let k = 16 + -3. What is the remainder when k is divided by d?
3
Suppose -v = -2*v - 3*g + 15, -5*v = g - 33. Suppose v*n - 3*n = 96. What is the remainder when n is divided by 17?
15
Suppose -2*p - a = p - 120, 4*p + 5*a = 171. Calculate the remainder when 75 is divided by p.
36
Let x be 6/(-7)*7/(-1). Suppose 2*n = 3*z + 20, 2*n + z + 2 = x. Calculate the remainder when 6 is divided by n.
2
Let i = -132 - -149. Calculate the remainder when 30 is divided by i.
13
Let n(m) = m**3 + 7*m**2 + m - 5. Let k be n(-5). Let s = -16 + k. Calculate the remainder when s is divided by (0 - (-4)/(-2))/((-4)/26).
11
Let j(b) = -b + 3. Let f be j(-4). Let o(p) = 27*p - 6. Let x be o(f). What is the remainder when 25 is divided by 2/7 + x/21?
7
Let w(f) = -33*f + 19. Let j(x) = 16*x - 9. Let n(d) = 13*j(d) + 6*w(d). Suppose 0 = p + 2*p - 6. Calculate the remainder when n(p) is divided by 9.
8
Suppose -9 = -0*q - 3*q, -q + 24 = 3*s. Let b = 30 + -11. Calculate the remainder when b is divided by s.
5
Suppose -r - r = -44. Calculate the remainder when 40 is divided by r.
18
Let t = 127 + 9. Let r = t + -89. Let y = r - 29. Calculate the remainder when 53 is divided by y.
17
Let d be (-2)/(-4)*(-70)/(-7). Suppose -2*x + d*x = 27. What is the remainder when x is divided by 6?
3
What is the remainder when 10 is divided by (4/5)/((-13)/(-65))?
2
Suppose 2*o - 7 = -1. Let b be (52 + o)*(-1 - -2). Suppose -g - 4*g = -b. What is the remainder when 42 is divided by g?
9
Let i(l) = -3*l + 16. Calculate the remainder when i(-5) is divided by 16.
15
Suppose f + 156 = 14*f. What is the remainder when 46 is divided by f?
10
Suppose -3*z + 39 = -72. Calculate the remainder when 147 is divided by z.
36
Let c = 1 + 5. What is the remainder when 11 is divided by -9*((-14)/c - -2)?
2
Suppose 2*h - p + 5*p = 142, -78 = -h + 5*p. What is the remainder when h is divided by 25?
23
Suppose -2*i + 100 = -0*i. Let u = -10 + 27. What is the remainder when i is divided by u?
16
Suppose 8*d - 95 = 3*d. What is the remainder when d is divided by 7?
5
Let i = 2 + -5. Let p = -1 + 16. Calculate the remainder when (-86)/i - 2/(-6) is divided by p.
14
Let o be 1/((-2)/(4/2)). Let x be 0 - -2 - (-1 - o). Suppose 0 = -x*g + 16 + 12. What is the remainder when g is divided by 8?
6
Let t be 6/10 + (-484)/(-10). Suppose -2*z + t - 7 = 3*p, -4*p = 2*z - 46. Calculate the remainder when 58 is divided by z.
13
Let k = -37 - -64. Suppose 3*z - 7*z = -40. What is the remainder when k is divided by z?
7
Suppose -k + 1 = -3. Suppose 4*g + 4*n - 2*n - 4 = 0, -k*g = -4*n - 16. Calculate the remainder when (1*3)/(3/g) is divided by 2.
0
Let d(t) = -t + 5. Let c be (-22)/3 + 2/(-3). Calculate the remainder when 51 is divided by d(c).
12
Let v(l) = l**3 + 2*l**2 - 2*l + 58. Let r(h) = -5*h**3 - 11*h**2 + 10*h - 291. Let w(x) = 2*r(x) + 11*v(x). Calculate the remainder when w(0) is divided by 19.
18
Suppose -14*s = -15*s + 62. What is the remainder when s is divided by (-8)/2*(-21)/4?
20
Let i(o) = o**2 - 5*o - 9. What is the remainder when i(8) is divided by 9?
6
Suppose -5*w + 5*f + 65 = 0, 6*f = f - 20. Let h(s) = 3*s**2 + 1 + s**2 - 2*s + s**2. Calculate the remainder when h(2) is divided by w.
8
Let u(a) = -20*a**3 + a**2 + 2*a + 1. Suppose 0 = -5*j - 4*p - 13, 3 = -4*p - 5. What is the remainder when u(j) is divided by 7?
6
Let h = 60 + -34. Calculate the remainder when 50 is divided by h.
24
Calculate the remainder when 15 is divided by 28/5 + (-6)/(-15).
3
Let p(n) = -n**2 - 4*n - 2. Let y be p(-3). Suppose i - y = 2. Calculate the remainder when i is divided by 2.
1
Suppose -y + 7 + 3 = 0. Suppose 71*z - 65*z - 36 = 0. Calculate the remainder when y is divided by z.
4
Let o be ((-4)/6)/(4/(-96)). Calculate the remainder when 17 is divided by (24/(-32))/((-2)/o).
5
Let a be (-4)/(-6)*-1*-9. Let q(v) = 3*v + 6. Let p(g) = -g**2 + 10*g - 8. What is the remainder when q(a) is divided by p(7)?
11
Let d = 19 - 7. What is the remainder when 2*(-4)/(-16)*94 is divided by d?
11
Let i(z) = z. Let r(k) = 2*k - 1. Let v(p) = 6*i(p) + r(p). Let u be v(1). Suppose -2*q = -u + 1. What is the remainder when q is divided by 2?
1
Suppose -x + 3*z = -3, z - 6*z + 5 = -5*x. Let q = x - -6. Calculate the remainder when q is divided by 2.
1
Suppose -5*s + x + 11 = 0, 3 + 1 = -4*x. Calculate the remainder when 3 is divided by s.
1
Suppose d